.
14
Suppose 3*y = -13 + 13. Suppose -4*f + 236 + 28 = y. What is the highest common factor of 88 and f?
22
Let k = 39 + -11. Let u(l) = -l**2 - 7*l + 103. Let h be u(-14). Suppose 107 = 28*t - h. What is the highest common divisor of k and t?
4
Let n(w) = 2*w**3 - 18*w**2 + 34*w - 110. Let u be n(8). Calculate the highest common factor of 816 and u.
34
Suppose -68166 - 695940 = -294*z. Calculate the greatest common divisor of 69 and z.
23
Suppose -5*a + 2364 = 2*k, k - 2336 = -k + 2*a. Suppose -9*x = 272 - k. Calculate the highest common divisor of x and 800.
100
Let l = 22 + -13. Let p(s) = 0*s**2 + 431 - s**2 - 449 + 15*s. Let j be p(9). Calculate the greatest common divisor of l and j.
9
Suppose -41 = -2*u - 5*t, -2*t + 71 = 4*u - 3*t. Suppose -4*m - 49 = 7. Let g = m + u. Calculate the greatest common divisor of 10 and g.
2
Let p = 11314 - 11302. Calculate the greatest common factor of 4404 and p.
12
Let u be (-10)/12 - 82/(-12). Let m = 37 - 34. Suppose 0 = y + m*y - 96. Calculate the highest common factor of y and u.
6
Let t(m) = 50*m - 178. Let u be t(5). Suppose 5*o - w = -242, 4*o - w + 70 + 124 = 0. Let a = u + o. What is the greatest common divisor of 16 and a?
8
Let b = 167 + -37. Suppose -b = -f - f. Let p = 61 - 35. What is the highest common divisor of p and f?
13
Let b(t) = -139*t - 3737. Let r be b(-41). Calculate the greatest common factor of 144 and r.
18
Let m = -21 + 22. Let p(b) = m - 3*b - 9 + 4 + 6*b**3 - b**2. Let c be p(3). Calculate the highest common divisor of c and 56.
28
Let t(a) = -4*a**2 + a - 9. Let d be t(7). Let k = d - -277. Suppose 2*m - 271 = -k. Calculate the highest common divisor of 12 and m.
12
Suppose 0 = 27*c - 33*c + 3792. Let y = -485 + c. Calculate the greatest common factor of y and 42.
21
Let a be (1 + -949)*71/(-426). Suppose 168*r - 180 = a*r. Calculate the highest common factor of 342 and r.
18
Let p = 279 - 139. Let m(u) = -917*u - 54068. Let z be m(-59). What is the greatest common factor of z and p?
35
Let c be 2 - (-17 + 8 - 5256). Calculate the highest common divisor of c and 458.
229
Let q(p) = -2*p**2 - 32*p - 62. Let h be q(-14). Let s be (8 - (-57)/h)*(-140)/3. Calculate the greatest common factor of 28 and s.
14
Let v be (-9 + -6)/(1*9/(-12)). Suppose -t + v = t. What is the greatest common divisor of 15 and t?
5
Let n = -5370 + 5954. Calculate the highest common factor of n and 730.
146
Let c(w) = 10*w + 1. Let f be c(13). Calculate the greatest common divisor of f and 6419.
131
Suppose 92*z - 34*z = 1624. What is the greatest common factor of z and 212?
4
Suppose 337*y + 6192 = 423*y. Let m be (-3 - -4)/(2/18). Suppose -2*o = 3*w + 2*w - 39, -3*o - m = 0. What is the highest common divisor of w and y?
9
Let n be 54144/30 - (-76)/(-95). Calculate the highest common factor of 44 and n.
44
Let g be 12/(-10)*20/(-6). Suppose 1 = v, -3*a + 8*a + g*v = 139. Suppose 2*s - 6 = -5*i, 2*s - 24*i - 6 = -21*i. What is the highest common divisor of s and a?
3
Let t be (-4)/(-30) + (-82 - -83) + 386/30. What is the greatest common factor of t and 6706?
14
Suppose -10*w + 825 = -7*w. Let p = w - 158. What is the greatest common divisor of 26 and p?
13
Let n(k) = 84*k**2 - 456*k - 92. Let r be n(14). What is the highest common factor of r and 44?
44
Suppose -78*j = -85*j + 126. Let x be -4 + (-724)/(-30) - j/135. Calculate the highest common factor of x and 115.
5
Let p = -35 - -127. Suppose -3*d + 366 = -6*d. Let k = -76 - d. Calculate the greatest common factor of k and p.
46
Let j be 13/((-234)/3648)*-3 + 4. Suppose -34*y + j = 17*y. What is the highest common divisor of 3 and y?
3
Suppose 10*b = 4*b - 9*b. Suppose b = 3*i + 3*m - 2055, -4*m + 185 = 3*i - 1865. What is the highest common divisor of 15 and i?
15
Let o(q) = 57*q**2 + 4*q - 2. Let i be o(1). Suppose -w = -95 + i. Calculate the greatest common divisor of 414 and w.
18
Suppose 2*p + 144 = 3*i + 177, -4*p = -2*i - 38. Suppose 2*c - 2*d + 3*d - 98 = 0, 152 = 3*c + 4*d. What is the greatest common factor of p and c?
6
Let i(l) = 64*l. Let d be i(1). Suppose 0 = 2*s + 241 - 47. Let y = s + 105. What is the highest common divisor of y and d?
8
Suppose -2*p = -2*z + 78, 2536*z = 2539*z + 4*p - 75. Let g = -6 + 8. Suppose g*h - z = 75. What is the greatest common divisor of 81 and h?
27
Let h = -58 + 61. Suppose -3*x + 2*x = 3*d - 60, -2*d = -h*x + 125. Suppose -9 = -c - 0*c. What is the highest common factor of c and x?
9
Let h be 2996/6 - (9 - 174/18). What is the highest common divisor of h and 4?
4
Let m(h) = 2*h**3 - 8*h**2 + 6*h. Let x(g) = -g - 16. Let q be x(-20). Let y be m(q). What is the highest common divisor of y and 18?
6
Suppose -4*q - 5*i = -74868, 5*q = -5*i + 73012 + 20583. What is the highest common factor of 1228 and q?
307
Suppose -142*i + 277*i = 122*i + 156. Calculate the greatest common divisor of 1192 and i.
4
Suppose -4*k + 73 = 21. Let c(t) = -t + 73. Let n be c(k). Calculate the highest common divisor of n and 10.
10
Suppose 0 = 7*s - 10*s - 207. Let p = s + 69. Suppose -4*x = p, 3*m - 4*x = 303 - 18. What is the greatest common divisor of m and 19?
19
Let o(j) = 19*j + 1518. Let g be o(-12). What is the highest common factor of 150 and g?
30
Let z(k) be the second derivative of -9*k**3/2 + 73*k**2 + 5*k + 4. Let v be z(5). Calculate the greatest common factor of 539 and v.
11
Let v = -27 - -17. Let z(c) = c**3 + 11*c**2 + 8*c - 14. Let k be z(v). Suppose -33*x + 5 = -94. Calculate the greatest common factor of x and k.
3
Suppose 90*n = -107*n + 1970. Calculate the highest common factor of 7500 and n.
10
Suppose 0*d = -4*d + 16. Suppose -7*i - 248 = -2*h - 9*i, -h + 109 = -4*i. Let m = h - 89. What is the greatest common factor of d and m?
4
Let r = -94 + 169. Let w = 139 - r. Let o(f) = -3*f**2 + 336*f + 32. Let i be o(112). What is the greatest common factor of i and w?
32
Suppose 6 = 2*z - m + 13, 4*m = 4*z + 4. Let d be ((-98)/3)/(76/z + 12). Calculate the highest common factor of d and 14.
7
Suppose 0 = 11*n - 7*n - 1024. Calculate the greatest common divisor of n and 1088.
64
Let f(m) = m**3 + 122*m**2 - 129*m - 725. Let p be f(-123). What is the highest common divisor of 27833 and p?
13
Let f be (-20)/(-6)*(-828)/(-15). Let b(x) = -7*x - 142. Let y be b(-40). What is the highest common factor of f and y?
46
Let l = -104 - -131. Let v be (14/(-21))/((-2)/l). Calculate the highest common divisor of 21 and v.
3
Suppose 3*q = -v + 61, v = -4*v + q + 337. Let b = 131 + v. Calculate the highest common factor of b and 18.
18
Let w be (-2*(-2 - 2))/(25*14/25025). Suppose 2*f + 190 = 5*l - 72, f - 155 = -3*l. Calculate the greatest common divisor of w and l.
52
Let q be 4038 - ((-88)/4 + 18). Calculate the greatest common factor of 215 and q.
43
Suppose -9*u = -3*n - 6*u + 72, -2*n + 5*u + 36 = 0. Let r be 60960/84 - (-8)/n. What is the highest common factor of 66 and r?
66
Let c be (-8)/3 - (-910)/78. Let p(f) = -26*f + 278. Let s be p(c). Calculate the greatest common factor of 704 and s.
44
Let n(c) = 2*c**3 + 12*c**2 + 8*c - 4. Let w be n(-5). Let z be (540/(-24))/((-1)/w). What is the greatest common factor of 15 and z?
15
Let i(q) = -3*q - 28. Let y be i(9). Let t = 3 - -3. Let o be (-230)/y - t/33. What is the highest common divisor of 20 and o?
4
Let d(b) = 3*b**2 - 28*b + 648. Let a be d(18). Calculate the highest common factor of a and 248.
124
Let i be -875*15/(-420)*12. What is the highest common divisor of i and 15?
15
Let u(q) = 16*q - 49. Let x be u(10). Let f = x - 99. What is the greatest common divisor of 444 and f?
12
Let n(y) = -2*y**3 + y**2. Let a be n(-1). Suppose -7*j = -a*j - 1704. Let k = 657 - j. What is the highest common factor of k and 21?
21
Let b be 9/2*(-616)/(-924). What is the greatest common divisor of 2622 and b?
3
Suppose 0 = 5*q + 2338 - 6173. Suppose -49*y = -22*y - 702. Calculate the highest common factor of y and q.
13
Let c = -143 - -218. What is the greatest common factor of c and 175?
25
Let k = 4471 + -2628. What is the highest common factor of 97 and k?
97
Suppose 4*g - q = 32, 61*g + 16 = 63*g + q. What is the highest common factor of g and 1024?
8
Suppose -b - 3*b = -12. Let n be (-1 + 5/b)*81. Suppose 2*h - h - n = 4*f, 2*h = 2*f + 90. What is the greatest 